
Let w(h) = -h + 5. Let k(b) = 5*b - 19. Let y(g) = 2*k(g) + 9*w(g). Let z be y(-5). Suppose 2*u + 0 - z = 0. What is the units digit of u?
1
Suppose 4*m + 5*w = m + 600, 2*m + 5*w = 405. What is the tens digit of m?
9
Let z = 122 - 39. What is the tens digit of z?
8
Let h be -32*(-1 - 3/(-6)). Suppose -4*z - 4 = w - 0*w, 4*z + 4*w + h = 0. Suppose z = 4*g - 2*g - 22. What is the units digit of g?
1
Let h = 18 - -18. What is the units digit of h?
6
Suppose -2*p - 2 = 6. Let u = 36 + p. What is the units digit of u?
2
What is the units digit of (1*-1)/(9/(-2682))?
8
Let r be (-5)/10 + 21/2. Let u be 0*-2*(-1)/(-4). What is the units digit of (u - -2)/(r/15)?
3
Suppose 3*u = -4*a + 26, 3*u - 28 = -4*a - u. Suppose -5*r = -5*m - 80, 0*r - a*m = -3*r + 44. What is the units digit of r?
8
Suppose -8*s = -7*s - 3. Suppose -s = -h + 1. What is the units digit of h?
4
Suppose 762 = 4*b + 122. What is the hundreds digit of b?
1
Suppose -p + 6 = p + 2*y, 4*p - 11 = -3*y. Suppose p*b + 17 = 3*b. What is the tens digit of b?
1
Suppose -6 = 2*o + 20. Let s(r) = -r + 16. What is the tens digit of s(o)?
2
Let p = 2 + 0. Suppose -p*y + 3*y - 5 = 0. What is the units digit of y?
5
Suppose 4*m - 107 = -t, -3*m = -3 - 0. What is the hundreds digit of t?
1
Suppose -5*x - 3*h + 226 = -0*h, -4*x = 4*h - 176. What is the tens digit of x?
4
Let c = 2 - 16. Let j = 33 + c. What is the units digit of j?
9
Suppose -3*w - 330 = -8*w. Let b be (2/(-6))/((-2)/w). Let d = -5 + b. What is the units digit of d?
6
Let a = 457 - 311. What is the units digit of a?
6
Let g(q) = -2*q - 3. Suppose 6*j - 5*j + 5*d + 24 = 0, j = -2*d - 12. Let m = j - -2. What is the units digit of g(m)?
1
Let j(x) = x**2 - x - 2. Let a be (10/4)/(2/4). What is the units digit of j(a)?
8
Let t = 5 - 3. Let s be -1*t + (-6)/(-3). Suppose -2*m = -s*m - 10. What is the units digit of m?
5
Let p(b) = -2*b - 6. Let o be p(-4). Suppose y - 2*a = -6, a = 5*y - o*a + 9. Let h = y + 3. What is the units digit of h?
3
Let l(k) = -k**3 + 6*k**2 + 8. What is the tens digit of l(3)?
3
Let v = -6 - -1. Let p(i) = i + 2*i**2 + 3*i + 4*i + 1 + 3. What is the units digit of p(v)?
4
Let g = -6 + 6. Let i = g - -29. What is the tens digit of i?
2
Suppose 7*k - 2741 + 683 = 0. What is the units digit of k?
4
Let w = 7 - 4. Suppose 50 = w*t + 17. What is the units digit of t?
1
What is the hundreds digit of 240*(3 - (-36)/(-16))?
1
Suppose -u - 14 = -2*u + 3*y, 5*u - 13 = -4*y. Let w = u - 2. Suppose 2*r + 11 = w*r. What is the units digit of r?
1
Let j(o) = o**3 + 7*o**2 + 6*o + 2. Let t be j(-6). Let b be -1 + (0 - t) + 0. What is the units digit of -3 - b - (0 + -8)?
8
Let l(s) = s**3 - 3*s**2 - 7*s + 1. Let y be l(-5). Let t be y/(-8) + (-3)/(-2). Suppose 0*f - t = -5*n - 3*f, -4*f = -16. What is the units digit of n?
2
Let x = 56 - -45. What is the hundreds digit of x?
1
Let d = 37 + -2. What is the units digit of d?
5
Let x = 2 - 1. Let v be (0 + x)*0/8. Suppose u + 3 - 4 = v. What is the units digit of u?
1
Let v = 21 + -11. What is the tens digit of ((-12)/v)/(6/(-195))?
3
Suppose 14 = 3*w - w. What is the units digit of w?
7
Suppose 4*v - p = 1643, 4*p - 826 = -2*v - 0*p. What is the hundreds digit of v?
4
Let a = 19 + 10. What is the units digit of a?
9
Let z = 40 - 7. What is the tens digit of z?
3
Let g be (0/1 + -1)*4. Let d be (-16)/2 + 4/g. Let n(m) = -m**2 - 9*m + 9. What is the units digit of n(d)?
9
Let p be 6/4 + (-876)/(-24). Let m = p - 0. What is the tens digit of m?
3
Let i(u) = -2*u - 10. Let c be i(-7). Suppose 2*q + 7 = -4*w + 21, 0 = c*w + 4*q - 24. What is the units digit of w?
1
Let k(d) = -3*d + 6. What is the units digit of k(-4)?
8
Let d = 100 - 21. What is the units digit of d?
9
Suppose -b - n - 6 = 0, n + 2 + 2 = 0. Let t = 4 + b. What is the units digit of t?
2
Let w(v) be the third derivative of -5/24*v**4 + 3*v**2 + 0*v + 1/6*v**3 + 0. What is the units digit of w(-1)?
6
Suppose 4*t - 121 = 7. Let c be 2/(-8) + 72/t. Suppose -c*s = s - 48. What is the units digit of s?
6
Suppose 4*d + 4*y - 132 = 0, -d + y = 3*y - 28. What is the tens digit of d?
3
Suppose 321 = 5*m - 2*m. What is the tens digit of m?
0
Let f(w) = 23 - 3 - 7 - 11 - w. What is the units digit of f(-5)?
7
Let o be (-6)/2 + (5 - 4/4). Let y(q) be the third derivative of q**6/10 + q**4/24 - q**3/6 - 2*q**2. What is the tens digit of y(o)?
1
Suppose 5*r + j + 19 = 0, 0 = j + 3 - 4. Let v = -2 - r. Suppose -v*n + 4 = 2. What is the units digit of n?
1
Let h(b) be the third derivative of b**5/15 - b**4/12 - b**3/6 + 2*b**2. What is the units digit of h(-1)?
5
Let u = -27 - -40. Suppose -3*o - u = -4*o. What is the tens digit of o?
1
Suppose 3*w = -0*w + 4*j + 336, -w + 104 = -4*j. What is the hundreds digit of w?
1
Suppose 7*i - 4*i = 4*f + 14, 0 = -5*i + 3*f + 16. Suppose -5*k + 3*k = i*q + 6, -4*q - 2 = -k. What is the units digit of (9 + q)/((-2)/(-1))?
4
Let j(q) = q**2 + 8*q - 14. What is the units digit of j(-11)?
9
What is the tens digit of -3 + 3 - (-53 - 5)?
5
Let a = -2 - -4. Suppose -34 = -p - 2*l, 0*p + a*p - 64 = -2*l. What is the units digit of p?
0
Let g = -8 + 11. What is the units digit of g*-6*(-2)/6?
6
Suppose -21 + 53 = 2*v. What is the tens digit of v?
1
Let j = 39 - 17. Suppose 0 = 3*o - 68 - j. What is the tens digit of o?
3
Let d(q) = -q**3 - 5*q**2 - 6*q - 2. Let m = 3 + -7. Let w be d(m). Suppose -2*h + 0 = -w. What is the units digit of h?
3
Suppose -4*j - 3 = -o - 1, 2*o - 5*j - 4 = 0. Suppose o = -4*r - 2*t, r + 4*t = -15 - 3. Suppose -u = -r - 1. What is the units digit of u?
3
Let t = -6 + 52. Suppose 4*b + 5*h + 83 = 0, -2*b + 3*h - h = t. Let j = -8 - b. What is the tens digit of j?
1
Let r be -5 - -8 - (0 + 1). Let n(l) = l**2 + 3 - 1 - r*l - 1. What is the units digit of n(3)?
4
Suppose 4*t - 596 = -4*x, -4*x + 4*t - 261 = -841. What is the units digit of x?
7
Let d be (-91)/(-21) + 2/3. Suppose 0 = r + d*b + 2, 3*r + 4*b - 14 = -b. What is the units digit of r?
8
Let a = 18 + -7. Let f = a - 4. Suppose x - 8 = -i, 3*x - 4*i - f = 52. What is the units digit of x?
3
Let w(h) = -7*h - 3. What is the tens digit of w(-3)?
1
What is the units digit of (-2)/(-7) - (-1252)/28?
5
Let a = 17 + 7. What is the units digit of (77/(-44))/((-1)/a)?
2
What is the units digit of -3*(-84)/1*5/10?
6
Let d = -55 + 30. Let k = 45 + d. What is the tens digit of k?
2
Suppose 3*x = 4*x - 40. What is the tens digit of x?
4
Suppose 25 + 125 = 5*q. What is the units digit of q?
0
Suppose k = -2*u + 15, 2*k = k + 4*u + 27. Let p = 32 - k. What is the units digit of p?
3
Let d(u) be the second derivative of 2*u + 0 + 5/2*u**2 + 4/3*u**3 - 1/20*u**5 + 1/2*u**4. What is the tens digit of d(7)?
1
Let n be (-4)/(1 - (-63)/(-57)). Suppose 3*b - 2*b - n = -4*d, -69 = -3*b - 3*d. What is the tens digit of b?
1
Suppose -3*q + z = -11, 2*q + 4*z = -z + 13. Let j be -27*(-10)/(-105) - 4/(-7). Let m = q - j. What is the units digit of m?
6
Let j be 2/(-11) - 2784/(-66). Suppose m + m = j. Suppose -5*l + 19 = -m. What is the units digit of l?
8
Suppose 31 = -5*n - 24. Let h = 2 - n. What is the units digit of h?
3
What is the tens digit of -4 - ((-68 - -3) + -4)?
6
Let i(p) = p**2 + p + 1. Let a be i(4). Let c = 39 - a. What is the tens digit of c?
1
Let g(p) = -p**3 - 10*p**2 + p + 14. Let o be g(-10). Suppose -11 = -5*z + o. What is the units digit of z?
3
Suppose 1 - 3 = -2*d, j = d + 25. What is the tens digit of j?
2
Suppose -x - 3*o = -2*x + 7, -2*o + 28 = 4*x. What is the units digit of (-1 + 1 + 1)*x?
7
Suppose o - 16 = 14. What is the tens digit of o?
3
Let g = 4 - 3. Let v(w) = 7*w. Let r(n) = -4*n. Let l(t) = -9*r(t) - 4*v(t). What is the units digit of l(g)?
8
Let q(x) = x**3 + 8*x**2 + 7*x + 5. Let b be q(-6). What is the units digit of b - (3 + (-4)/2)?
4
Let z(n) = 2*n**2 - 4*n - 6. What is the tens digit of z(6)?
4
Let z(t) = t**2 + 2*t + 7. What is the units digit of z(7)?
0
Let o = 79 + -45. What is the tens digit of o?
3
Suppose 2*i = -4*q - 14, -i - 3*q = -3*i + 7. What is the units digit of 5*(i - (-14)/10)?
2
Suppose -2*n = -n - 3. Suppose -n*g + 8 = -2*g. What is the units digit of g?
8
Suppose 2*j - 46 = 2*k, 0 = -5*k - 3 - 2. What is the tens digit of j?
2
Suppose -a = 4*a + 5. What is the units di